lculate the remainder when g is divided by 16.
13
Suppose 4*t = -4*o + 56, 16 = 4*t - 0. What is the remainder when 12*((-99)/(-12) + -1) is divided by o?
7
Let l be (-6)/(-4)*(-2192)/(-24). Suppose 5*m - 542 + l = 0. Suppose -5*w + 3*d = -m, 2*d - 81 = -4*w - d. Calculate the remainder when 33 is divided by w.
15
Suppose -22*y + 656 + 246 = 0. What is the remainder when y is divided by 25 - (1 - (-2 - -1))?
18
Suppose -z + 2*s + 8 = z, 2*z = 3*s + 10. Suppose 4*d - 7 = 3*v, z*v = -0*d + 2*d - 2. Suppose d*t - 15 = 25. Calculate the remainder when 29 is divided by t.
9
Let i(g) be the third derivative of g**6/40 + g**5/30 + g**4/8 - 2*g**3/3 - 36*g**2. What is the remainder when 39 is divided by i(1)?
3
Let n(z) = z**3 - z**2 + z. Let o(t) = -t**3 + 2*t**2 - 1. Let q(s) = 3*n(s) + 4*o(s). Calculate the remainder when q(5) is divided by 4.
3
Calculate the remainder when (4/6 + 0)/(18/2187) is divided by 2 - (0 - -1)*-26.
25
Suppose b + 2*d = 13, 2*b - 7*b + d = -10. Let y(s) = -b - 2 - 4*s - 3 + 1. Calculate the remainder when 23 is divided by y(-5).
10
Let m = -37 - -63. Suppose 5*q = -0 + 10. Calculate the remainder when m is divided by ((-7)/4)/(q/(-8)).
5
Suppose -2*r + 2*l = -18, 5*r = 2*l + 55 - 25. Suppose -14 = -2*j - 0*j. Calculate the remainder when j is divided by r.
3
Suppose 14*m - 5*m = 10998. Calculate the remainder when m is divided by 102.
100
Suppose -4*u + 18 = 2*i, u - 6*i + 10*i = 22. What is the remainder when 138 is divided by u?
0
Calculate the remainder when 0 - (-1*32)/1 is divided by 9.
5
Let j(w) = -w**2 - 5*w + 5. Let i(o) = o**3 - 6*o**2 + 3*o - 16. Calculate the remainder when j(-4) is divided by i(6).
1
Let o = -80 - -132. Suppose 0 = -5*h + o + 188. What is the remainder when h is divided by 1/(4/24 - 2/(1200/76))?
23
Let q(b) = -b**3 - 10*b**2 - 10*b + 27. Calculate the remainder when q(-9) is divided by 8.
4
Suppose -4*r + 1918 = -2*k, -32*k + 36*k + 2396 = 5*r. What is the remainder when r is divided by 121?
117
Let g = 1480 + -1098. Calculate the remainder when g is divided by 39.
31
What is the remainder when (-541)/(-8) + (-3)/(-8) is divided by 16?
4
Calculate the remainder when 96 is divided by 32/(-48) - 475/(-15).
3
Let m = 791 - 164. What is the remainder when m is divided by 21?
18
Let b be 8/3*-1 - 108/(-162). What is the remainder when 166 + 8/2 + b is divided by 13?
12
Let p = -107 - -96. What is the remainder when 2/p + (-378)/(-22) is divided by 7?
3
Suppose 14*u - 78 = u. Suppose -i - 5*w + 17 = -7, -39 = -5*i + 2*w. Calculate the remainder when i is divided by u.
3
Suppose 5*h = -0*h + 140. Suppose -11*g + 490 + 2271 = 0. What is the remainder when g is divided by h?
27
Let u(i) = -2*i + 4. Let r be u(0). Let w = 20 + -12. What is the remainder when ((-100)/w)/((-2)/r) is divided by 7?
4
Suppose 38 = x - 18. Let r be (-6)/9*609/(-14). Suppose -3*s + 58 = -r. Calculate the remainder when x is divided by s.
27
Suppose -312 = -18*b + 5*b. Let f(s) = -s**2 + s. Let d(x) = -2*x**3 + 8*x - 4. Let t(g) = -d(g) + 6*f(g). Calculate the remainder when t(5) is divided by b.
22
Suppose -75*c + 71*c + 748 = 0. Calculate the remainder when c is divided by 47.
46
Suppose 19*t + 666 = 1977. Calculate the remainder when t is divided by 56.
13
Suppose -10*f = -8*f + 5*w - 53, -5*f = -w - 119. What is the remainder when 165 is divided by f?
21
Let h = 12 + -18. Let f be (-736)/(-12) + (-4)/h. Suppose -5*c - 3*d + f - 2 = 0, -d = 0. What is the remainder when 45 is divided by c?
9
Calculate the remainder when -1 - -3 - (2 - 58) is divided by 2/7 + -7 + 456/21.
13
Let g(i) = 3*i**2 - i. Let d be g(-1). Suppose d*j - 16 = x, -2*j + 29 = 5*x - 1. Let z = 4 + x. Calculate the remainder when 21 is divided by z.
5
Suppose 0 = -15*y + 798 + 897. Calculate the remainder when y is divided by (-1*1 - 18)*-1.
18
Suppose -7*g + 58 = -33. Suppose 1 = i, -a = 3*i + g - 153. Calculate the remainder when a is divided by 35.
32
Suppose 2*y - g = 57, 0 = -3*y + 8*y + 5*g - 180. What is the remainder when 66 is divided by y?
4
Let a be -7*((-4188)/(-42))/(-2). Suppose a = 20*f - 271. Calculate the remainder when 89 is divided by f.
27
Let q be 18/4 + (-18)/12. Let l = q + -1. Suppose -2*j + 8 = -l. Calculate the remainder when 14 is divided by j.
4
Suppose -2*g + 2 = 3*f - 4*g, 3*f = g + 4. Let w = 2259 - 2242. What is the remainder when w is divided by 10/((-4)/(f*-1))?
2
Let m(y) = 2*y + 21. Let o be m(-12). Calculate the remainder when o/((-1)/87*3) is divided by 18.
15
Suppose -54*h = -29*h - 525. What is the remainder when 86 is divided by h?
2
Let z(u) = 17*u - 41. Calculate the remainder when z(5) is divided by 19.
6
Let l = 531 + -519. Calculate the remainder when 143 is divided by l.
11
Suppose 0 = -3*c - 44 + 134. What is the remainder when 54 is divided by c?
24
Let p = 566 + -479. What is the remainder when p is divided by 23?
18
Suppose -3*w + 3*q = 2*w + 10, 19 = -w + 4*q. What is the remainder when (1/(-9))/(((-266)/(-126))/(-19)) is divided by w?
0
Let x = 22 - 14. Let m = 75 - 61. What is the remainder when m is divided by x?
6
Suppose -1008 = 3*b - 39*b. Let v(l) = -166*l**3 - l**2 - 2*l - 1. What is the remainder when v(-1) is divided by b?
26
Suppose p = 5*y - 24, 5*y - 9 - 14 = 2*p. Suppose -4*w = 3*a - 146, y*a + 4*w - 224 - 14 = 0. What is the remainder when a is divided by 16?
14
Suppose q = 3 + 20. Let m = 82 - 25. What is the remainder when q is divided by m/9 - (-1)/(-3)?
5
Let u(c) = 2*c + 5. Let q be 0*(-4 - (-36)/8). Suppose 5*k + 3 - 273 = q. What is the remainder when k is divided by u(7)?
16
Suppose 0 = -2*p + 5*g + 2 + 2, 5*p + 4*g + 23 = 0. What is the remainder when 12/p*1 + 141 is divided by 28?
25
Let n be (-5)/(-3) + -1 - 4750/114. Let j = 84 + n. Calculate the remainder when j is divided by 8.
3
Suppose 44*t - 1147 = 13*t. What is the remainder when 180 is divided by t?
32
Let y(b) = b**2 + 10*b - 28. Let t be y(-12). Calculate the remainder when 34 is divided by 3/((-1)/12*t).
7
Suppose -u + 4*a = -16, -4*u + 0*a - a = -47. Let r be (4 - 5)*(-3 - -2). Calculate the remainder when (-6*r)/(-3) - -31 is divided by u.
9
Suppose 0 = -v + 4*s + 5, -36 = -4*v - 4*s + 64. What is the remainder when v is divided by (1 - 2)/(7/(-42))?
3
Let k(p) be the first derivative of 4*p**3/3 - 17*p**2/2 - 26*p + 40. Let m = 223 - 146. What is the remainder when m is divided by k(6)?
13
Let x(m) = 3*m**2 - 2*m - 2. Let g be x(-2). What is the remainder when 41 is divided by (-7)/g*(0 + -12)?
5
Suppose -3*l + 4*g + 152 = 0, 2 = 11*g - 9*g. Calculate the remainder when 112 is divided by l.
8
Suppose -20 = 4*s, 367 = 2*y + 37*s - 32*s. What is the remainder when y is divided by 67?
62
Suppose -5*j = -4 - 6. Let o(y) = 0*y - 5 + 2*y - 3*y**2 + y**j + y**3 + 3*y**2. What is the remainder when o(4) is divided by 28?
27
Let w(z) = -z**3 + 2*z**2 + 2. Let b be w(3). Calculate the remainder when 2 + 19 - -1 - 28/b is divided by 19.
7
Let r(o) = 183*o - 518. What is the remainder when r(4) is divided by 24?
22
Let s = -25 - -23. Let k be 4 + -16*s/4. What is the remainder when (23/(-4))/((-3)/k) is divided by 8?
7
Let j(b) = -3*b + 11. Suppose 4*y - 35 = -7. What is the remainder when j(-5) is divided by y?
5
Suppose 4*q - n = 11, -4*n = 2*q + 5 + 3. Suppose 0 = -0*s + q*s - 6. Suppose 0 = -c + 3, -2*c = -k - s*c + 17. Calculate the remainder when 26 is divided by k.
12
Let x = 246 + -204. Calculate the remainder when x is divided by 25.
17
Suppose -5*v = -1088 + 383. Calculate the remainder when v is divided by 11.
9
Let z(u) = -u**3 + 10*u**2 + 69*u + 6. Suppose -2*t = -j - 39, -4*t - j + 82 = j. What is the remainder when z(-5) is divided by t?
16
Let o be (-68)/(-18) - 30/(-135). Suppose -o*q + 135 + 37 = 0. Calculate the remainder when q is divided by 24.
19
Let y = 18 + -1. Calculate the remainder when (-3)/(-9)*y*6 is divided by 9.
7
Let x = 240 - 143. Calculate the remainder when x is divided by 50.
47
Let h(y) = -y**3 + 11*y**2 - 24*y - 16. Suppose u = -0*u + 3. What is the remainder when h(5) is divided by u?
2
Let b be (6/(-4))/(3/(-24)). Let l = 12 - b. Suppose 5*g = 4*z - 85, -g + l*g + 25 = 2*z. What is the remainder when 29 is divided by z?
14
Let g = 29 + -26. Suppose -3*f - 12 = -w + 22, -g*f - 136 = 